What is the tens digit of x?
0
Let o = -1321 + 2262. What is the tens digit of o?
4
Suppose 65 = -3*v + 77. Let n(c) = 5*c + 2 + 2 - 3. What is the units digit of n(v)?
1
Suppose q = -p - 0*p + 12, q - 3*p = 20. What is the units digit of ((-18)/12)/((-1)/q)?
1
Let g(s) = -s**3 - 17*s**2 - 13*s - 26. What is the tens digit of g(-17)?
9
Let y = -983 - -984. Let i(r) = -54*r**2 - r + 1. Let z(o) = -162*o**2 - 3*o + 3. Let t(s) = -7*i(s) + 2*z(s). What is the tens digit of t(y)?
5
Let z(d) = -d - 7. Let h be z(-11). Let w = h - 0. What is the tens digit of 1 - w - -1 - -30?
2
Let z = -200 - -1582. What is the tens digit of z?
8
Suppose 0*i = -3*i - 414. Let b = 235 + i. What is the tens digit of b?
9
Suppose 4*r + h + 1 = -0*h, 3*h = -r - 3. Let x(t) = r + 0*t + 5*t - 1 + 3. What is the units digit of x(8)?
2
Let a = -1 + -7. Let t = a - -57. What is the units digit of 1/2 + t/2?
5
Let o = -11 + 54. Suppose 12 = 5*j - o. Suppose -232 = -j*v + 7*v. What is the tens digit of v?
5
Suppose -5*t + 11*t - 18 = 0. Suppose t*b - 176 = 2*l, -2*l - 100 = -2*b - 5*l. What is the tens digit of b?
5
Let a = -779 + 1046. What is the hundreds digit of a?
2
Let r(f) = 1. Let t(a) = a**2 - 12*a + 5. Let c(p) = 6*r(p) - t(p). Let z be c(10). What is the tens digit of (12/z)/(4/182)?
2
Suppose 150*q = 167*q - 18275. What is the tens digit of q?
7
Suppose 0 = -3*w - 42 - 3. Let d = 18 + -1. Let j = d + w. What is the units digit of j?
2
Let r(s) = -4*s**2 - 4*s - 4. Let w be r(-3). Let t = 138 + -190. Let i = w - t. What is the tens digit of i?
2
What is the tens digit of 17051/102 + 3/(-18)*1?
6
Let d be 216/16*20/6. Suppose c = -p - 2*c + d, 2*c + 66 = 2*p. Suppose 9*a + p = 12*a. What is the units digit of a?
2
Let z be (-6204)/(-15) - 6/(-15). Suppose -7*k = 127 - z. What is the units digit of k?
1
Suppose -b + 7 = -2*a - 3, -b + 4*a = -20. Suppose b = 6*v - 2*v + 132. Let x = v + 97. What is the tens digit of x?
6
Let c(r) be the second derivative of r**2 + 1/3*r**3 - 3*r + 0. What is the units digit of c(9)?
0
Let z(v) = -v**3 - 30*v**2 + 31*v + 1. Let c be z(-31). Let b(t) = 332*t**3 + t**2 - 4*t + 4. What is the hundreds digit of b(c)?
3
Let g(i) = -i**2 + 11*i + 11. Let j be g(15). Let n = j + 99. What is the tens digit of n?
5
Let d = 341 + -127. Let z = d - 95. Suppose z = 4*b - 125. What is the units digit of b?
1
Let n(m) = -3*m - 17. Let k be n(-10). Let f = -7 + k. Suppose o - f*o = -235. What is the units digit of o?
7
Let j(g) be the first derivative of 2*g**3/3 - 3*g**2/2 + 2*g - 2. Let c be j(2). Suppose 2*x + 5*b = 66, -2 - 114 = -c*x - 2*b. What is the units digit of x?
8
Let k be -30*(-2)/8*2. Let t(a) = -3*a - 1. Let m(u) = 5*u + 1. Let x(p) = 2*m(p) + 3*t(p). What is the units digit of x(k)?
4
Suppose 0 = 13*s - 14*s + 3*n + 330, s = 4*n + 333. What is the hundreds digit of s?
3
Let a(m) = 2*m**2 + 8*m - 10. Suppose 0*n = 5*n + 35. Let u be a(n). Let o = u - 15. What is the tens digit of o?
1
Suppose 6*p - 3*p + 36 = 4*d, d = 4*p - 4. What is the tens digit of (d/(-14))/(1/(-49))?
4
Let u(s) = -s + 6. Let n be u(7). What is the units digit of (-288)/(-9) + (0 - n)?
3
Let l(w) be the second derivative of 3*w**3 - 19/12*w**4 + 10*w**2 - 6*w - 1/20*w**5 + 0. What is the units digit of l(-20)?
0
Let p = -183 + 649. What is the hundreds digit of p?
4
Let p = 101 - 90. Suppose 6*h + 9 = t + 4*h, 0 = -5*t - h + 45. Suppose p*y = t*y + 46. What is the tens digit of y?
2
Let v(l) = -20*l + 72. What is the hundreds digit of v(-9)?
2
Let u(i) = -97*i + 299. What is the units digit of u(-9)?
2
Let o(m) = m**3 + m - 5. Let f be o(5). Let u(i) = 11*i + 175. Let d be u(-12). Suppose -4*g = p - d, -5*p + f + 90 = -2*g. What is the units digit of p?
3
Let i(g) = g + 8. Let u be i(-7). Let c = 4 - u. What is the units digit of (44 + -1 - c)*1?
0
Let d = -52 + 56. Suppose 2*a - 3*u = 30, d*a = -5*u + 40 + 20. What is the tens digit of a?
1
What is the units digit of 39080/70 + 4/(-14)?
8
Let q be -4 - (-10)/2 - -3. Let b(m) = 5*m. Let a be b(q). What is the units digit of (56/a + -2)*10?
8
What is the tens digit of (((-6520)/12 + 6)*-3)/1?
1
Suppose 0 = -3*m - c + 20, -2*c = 2*m - 7*c - 36. Let y(p) = p**2 + 12*p - 3. What is the units digit of y(m)?
7
Let g be 2/4*(-16)/4 - 0. Let q(y) = -88*y + 4. What is the units digit of q(g)?
0
Suppose -1799 = -2*w - 3*w + 4*d, -3*d - 1077 = -3*w. What is the units digit of w?
3
Let p(n) = 8*n**2 + 26*n + 72. What is the hundreds digit of p(-17)?
9
Let q(p) = -10*p - 13*p + p**2 - 4 + 28*p. What is the units digit of q(4)?
2
Let w be ((-2)/5)/(4/(-40)). Suppose w*f - 27 = -7. What is the tens digit of (-193)/(-5) + 2/f?
3
Let x = 8546 - 2861. What is the thousands digit of x?
5
Let m(n) be the third derivative of -1/12*n**4 + 0*n - 1/60*n**5 - 1/6*n**3 - 19/120*n**6 + 0 + 6*n**2. What is the tens digit of m(-1)?
1
Suppose -3*z + 5*n + 82 = 0, 0 = -0*z - 3*z - n + 88. Let a = z + -28. What is the units digit of a?
1
Let n = 573 - 309. What is the units digit of n?
4
Let o(p) = 23*p + 3. Let k be o(0). Let m(f) = 3*f**2 - f**2 + 2*f**2 - 3*f + 3. What is the tens digit of m(k)?
3
Let z = 9 - 15. Let p(y) = y**3 + 4*y**2 - 4*y - 4. Let r be p(z). Let w = -22 - r. What is the tens digit of w?
3
Let a be (-29)/(-3) + (-10)/15. Let j(s) = s - 17. Let o be j(20). Suppose -4*f + a = 4*c - 7, -3*c = -o*f. What is the units digit of c?
2
What is the units digit of (-2)/8 - (13 - 9505/20)?
2
Let t be (5 + 8/3)*12. Suppose t = 3*l - 2*g - 137, -2*g - 375 = -5*l. What is the tens digit of l?
7
Suppose -6 = -6*r + 4*r. Let a be (3/(-4))/(r/12). What is the units digit of 29 - (0 - a) - 2?
4
Let t be (-6)/(3 + (-243)/78). Let j = -15 + t. What is the units digit of j?
7
What is the hundreds digit of (-2 + 139)*26/(-91)*-14?
5
Let a = -307 + 525. What is the hundreds digit of a?
2
Let p(q) = 2*q**2 - 12*q + 3044. What is the tens digit of p(0)?
4
What is the thousands digit of 4/(-18) - (-401142)/378?
1
Suppose -4*y = -5*s - 1882, s - 5*s = -5*y + 2357. What is the hundreds digit of y?
4
Suppose 16 - 4 = 3*c. Let d be (3 - -3)/(c/2). Let p(v) = 2*v**3 - 3*v**2 - 2. What is the units digit of p(d)?
5
Let m = 105 - 255. Let v = 268 + m. What is the units digit of v?
8
Let t be (-9)/2*((-60)/9 + 6). Suppose -5*z = -4*z. Suppose z = j - t - 19. What is the tens digit of j?
2
Let u(b) = -b**3 - 9*b**2 + 7*b - 11. Let x(n) = -2*n + 7. Let k be x(-3). Suppose p + k = 3. What is the units digit of u(p)?
9
Let u(w) = w**3 + w + 59. Let f be u(0). Suppose 4*h - 8 = -2*s, -3*h + 5*s + 8 = h. Suppose h*t - d + 2*d - 61 = 0, 2*t - f = d. What is the tens digit of t?
3
Let u = 5279 - 2171. What is the units digit of u?
8
Suppose 6*l = 4*o + l - 530, 2*o - 5*l = 260. Let u = 417 - o. What is the units digit of u?
2
Suppose -2*b + 1642 = o, 4898 = -30*o + 33*o - b. What is the units digit of o?
4
Let l = 10734 + -7106. What is the hundreds digit of l?
6
Let d = 4 - -26. Suppose y - d = -0*y. What is the units digit of y?
0
Let v(c) = 2*c**3 - c**2 + 4*c - 2. Let u be v(1). Suppose -u*t + 2*g + 146 = 0, 3*g + 0*g + 144 = 3*t. What is the units digit of t?
0
Let l(d) = -5*d - 3. Let k be l(3). Let p = k - -25. What is the units digit of p?
7
Let n(b) = b**3 - 3*b**2 - 2*b - 4. Let h be n(4). Suppose 4*r = 2*f + 234, 3*f - 93 - 116 = -h*r. What is the tens digit of r?
5
Let a be 1*108/(-2) + -1. What is the units digit of ((-319)/a)/((-2)/(-10))?
9
Let z be 42/(-3 - (-21)/6) + -3. What is the tens digit of 2 + z - 24/8?
8
Let i = 21 - 88. Let v be (8 + 0)*(-177)/(-12). Let a = i + v. What is the tens digit of a?
5
Let b(h) = 27*h**2 + 6*h - 10. Let l be b(3). Let i = l - 127. What is the tens digit of i?
2
Suppose 0*z + 10070 = 19*z. What is the hundreds digit of z?
5
Let m = -302 - -367. What is the tens digit of m?
6
What is the tens digit of -1 - (24/9)/((-54)/52569)?
9
Suppose 3*g = -5*t + 40, 3*g + 1 = 4*t - 4. Let m = 24 - -17. Suppose t = 2*j - m. What is the units digit of j?
3
What is the thousands digit of (-300)/(-18)*(1785/25 - -3)?
1
Let j = 487 + 1677. What is the hundreds digit of j?
1
Let d(i) = i**3 + 9*i**2 + i + 12. Let w be d(-9). What is the units digit of (w/(-5))/(1/(-10))?
6
Suppose 9 = -2*n - n. Suppose -51 - 135 = 3*s. What i